4*u + 45008 = 0, 1276*u = y + 1271*u - 11276. What is the units digit of y?
6
What is the tens digit of (39528/(-180))/(447/(-445) + 1)?
6
Let v = -594 + 597. Suppose 2*y - 913 = -o, -4*o + v*y = -3806 + 143. What is the units digit of o?
5
Let p(x) = x**3 + 3*x**2 + 2*x - 57. Let l = 355 + -348. What is the units digit of p(l)?
7
Let i(l) = 9*l**2 - 15*l + 2. Let k be ((-16)/(-4) + 6)*1. What is the tens digit of i(k)?
5
Let q = -492 - -132. Let v = q + 634. What is the tens digit of v?
7
Let m be 947 + 15 - (2 - 2/1). Let t = m - 529. What is the tens digit of t?
3
Suppose 38 = 4*d - 78. Suppose 8*s = d - 5. Suppose 3*c + 4*m - 330 = s*m, -c + 4*m + 110 = 0. What is the tens digit of c?
1
Let x(o) = 2*o - 33. Suppose -4*r - 75 = -5*d - 3*r, 0 = r - 5. Let u be x(d). What is the units digit of (1/(u + 2))/(1/163)?
3
Let s(r) = 2*r**2 + 19*r - 5. Let n be s(-10). Suppose -91 = -n*v + 1579. What is the hundreds digit of v?
3
Suppose 0 = -10*p - 9*p + 38. What is the units digit of p*(12/(-15) + (-66)/(-20))?
5
Let m(w) = -26*w - 25. Let l be m(9). Let x = l - -125. Let o = x + 198. What is the units digit of o?
4
Let y(w) = -w**2 + 9*w - 17. Let o be y(4). Suppose 5*k + 2*d = 4056, -5*k = -o*d - 89 - 3952. What is the tens digit of k?
1
Let b(v) = 75*v**2 - 89*v + 311. What is the ten thousands digit of b(18)?
2
Let h(a) = 6*a + 26 + 0*a - 4*a. Let p be h(-9). Let g(r) = r**2 - 4*r + 14. What is the tens digit of g(p)?
4
Let y(j) = -j**3 - 15*j**2 + 40*j - 152. What is the thousands digit of y(-25)?
5
What is the thousands digit of ((6/(-21))/((-126)/(-147)))/((-3)/448407)?
9
Let w(m) = -9*m - 8. Let d be w(-4). Suppose 0 = -4*h - 5*i + 112, 4*i = 3*h - 4*h + d. Suppose c = 22 + h. What is the tens digit of c?
5
Suppose t = 7*k - 2*k + 110, -463 = -4*t - 3*k. Let b = 292 - t. What is the units digit of b?
7
Suppose -51 - 1819 = -10*k. Suppose 3*r + k + 170 = 3*t, -263 = -2*t - 3*r. What is the tens digit of t?
2
Let s be (-4444)/(-8) - 12/(-8). Suppose s = 3*q - 73. Suppose 2*g - q = 4*y, -5*g - 142 = -5*y - 662. What is the hundreds digit of g?
1
Let u(t) = 114*t**2 + t + 1. Let n(k) = 2*k**2 - 8*k - 3. Let b be n(4). Let m(d) = d**2 - 8. Let w be m(b). What is the tens digit of u(w)?
1
Let a be (-48892)/(-34) + (-4)/(3/3). Let j = a - 713. What is the tens digit of j?
2
Let j(v) = -v**2 - 2*v + 34. Let n be j(12). Let k = 30 - n. Suppose -14 + k = 6*c. What is the units digit of c?
5
Let g = -884 + 10901. What is the tens digit of g?
1
Let z(b) = -b**2 - 10*b - 16. Let q be ((-396)/(-15))/(-4) - 6/15. Let x be z(q). Suppose -x*o - 3*c = -564 - 353, 5 = -5*c. What is the hundreds digit of o?
1
Suppose -1276516 = -195*y + 457229. What is the hundreds digit of y?
8
Let p(j) = 1247*j + 4516. What is the tens digit of p(61)?
8
Let a(y) be the third derivative of 43*y**5/20 - y**4/6 + y**3/3 + y**2 + y. What is the units digit of a(2)?
0
Let i be (-213)/(-9)*(0 - -3). Let r = -4514 + 4533. Suppose i = 4*d + d + 3*f, d = -3*f + r. What is the tens digit of d?
1
Let c be 3 + (-1 - -20)/(-19). Let i be (-1449)/(-2) + 2/(-4). Suppose 5*u = -y + i, u - 43 = c*y + 93. What is the tens digit of u?
4
Let z(g) = -2626*g + 635. What is the hundreds digit of z(-3)?
5
Let b = 2715 - -14154. What is the units digit of b?
9
Suppose 105*c - 9 = 106*c. Let a(p) = -p**3 - 5*p**2 + 14*p + 22. What is the hundreds digit of a(c)?
2
Suppose -2*w + 6 = -5*p, -p + 17 = 5*w + 2. Let q = w - -81. What is the units digit of q?
4
Suppose 309*g - 314*g = -45. Suppose 0*u + 6*u = -u. Suppose u = i + 2*i + g, -1127 = -4*w + 5*i. What is the tens digit of w?
7
Suppose 36823 + 85546 = 5*h + 8*h. What is the hundreds digit of h?
4
Suppose -9*x + 7885 + 140597 = -79020. What is the units digit of x?
8
Suppose -31*u + 54 = -4*u. What is the hundreds digit of (-20)/(-10)*(u + 228)?
4
Let d(o) = o**2 + 18*o + 71. Let r be d(-11). What is the units digit of (-1)/(r/(-2792))*63/(-28)?
7
Suppose 0 = 4*h + t - 5*t + 36, t = -h - 7. Let m(g) = -3*g**3 - 5*g**2 + 12*g + 41. What is the tens digit of m(h)?
6
Let b be (-9 + -1263)*-2*(-15)/(-24). Let k = b - 650. What is the hundreds digit of k?
9
Suppose -11*z = 55*z - 99343 - 472415. What is the units digit of z?
3
Suppose -1601*y = -1598*y - u - 181204, 120816 = 2*y + 2*u. What is the tens digit of y?
0
Let s(n) = 1773*n**3 + 4*n**2 - 7*n + 4. Let b be s(2). Suppose 10*o = -0*o + b. Suppose -5*q = 6*q - o. What is the units digit of q?
9
Suppose 0 = 2*f - j - 12, -f + 14 = 3*j - 6. Let q = f + -4. Suppose -252 = q*u - 18*u. What is the tens digit of u?
1
Suppose 1982 = 10*z + 532. Let i = z + -109. What is the units digit of i?
6
Suppose -11*l + 13*l - p = -613, -3*l + 5*p = 937. Let k = 632 + l. What is the hundreds digit of k?
3
What is the units digit of (-1)/(-6 - 234282/(-39048)) + 8?
6
Let c = 40533 + 4895. What is the hundreds digit of c?
4
Let o = 2027 - 3002. Let g = -564 - o. What is the units digit of g?
1
Let n(g) = g**2 - g - 2. Let u be n(3). Let x be 5/(10/u)*2. Let i(k) = 9*k**2 - 4*k + 1. What is the hundreds digit of i(x)?
1
Let z = -54489 - -76406. What is the ten thousands digit of z?
2
Let t(s) = -s**3 - 15*s**2 + 14*s - 23. Let l be t(-16). Suppose -2*i + 2252 = -l*w + 10*w, -4*i = -4*w - 4480. What is the tens digit of i?
2
Let w(u) = 8*u**2 + 88*u + 1268. What is the tens digit of w(-17)?
8
Let o be 4/10 + 788/(-20). Let b = -30 - o. Suppose b*s - 680 = s. What is the tens digit of s?
8
Suppose -p - 37*h + 2869 = -35*h, 0 = -3*p + 2*h + 8567. What is the hundreds digit of p?
8
Let u = 14 - -199. Let d = 253 - u. What is the tens digit of d?
4
Let i(n) = n**3 + 6*n**2 - 2*n + 16. Let g be i(-6). Suppose -5*d - 5*f - 30 = -0, 2*f - g = 3*d. Let m(s) = -16*s - 21. What is the tens digit of m(d)?
0
Suppose 10 = p - 4*a, -5*a - 20 = -4*p - 2. Let u(y) = -2*y**3 + 11*y**2 - 2*y + 6. Let l be u(5). What is the units digit of (-4)/(-3)*l/p?
4
Let w be (1 - -1)*5/(-2). Let m(q) = 14*q**2 - 14*q**2 + 12*q - 6 + 8*q**2 + 3. What is the tens digit of m(w)?
3
Let y(v) = 77*v**2 - 389*v - 7812. What is the ten thousands digit of y(-19)?
2
Suppose -10*j + 89391 = 14501. What is the hundreds digit of j?
4
What is the units digit of (-22 - 524059/58)/((-10)/8)?
6
Suppose 0 = 2*m - 4*z + 18, -m - 5*z = -17 + 61. Let u be 2/m + 188/(-19). Let k = u + 42. What is the tens digit of k?
3
Let w = -2762 + 4868. Let g = 3306 - w. What is the units digit of g?
0
Suppose -911548 = 13*b - 84*b + 171344. What is the thousands digit of b?
5
Let w be 8/52 + (-738)/234. Suppose 0 = -5*k - 2*r - 45, 4*k + 12 + 6 = 2*r. What is the units digit of (k/(-7))/(4/(-2) - w)?
1
Suppose 53 = 11*c + 9. Suppose n - 1302 = -4*m - 0*n, m = c*n + 317. What is the units digit of m?
5
Let b be 2*-14*12/(-16). Suppose 0*n + n - l - b = 0, 2*n - 22 = -2*l. Let v = n + 49. What is the tens digit of v?
6
Suppose -2*p = h - 3, 4*p - 7*p - 3 = 3*h. Suppose -4*c + 3756 = -8*q + 10*q, 0 = -p*c + 20. What is the hundreds digit of q?
8
Suppose -3*r + 5*r = 5*v - 230, -v + 529 = -5*r. Let c = -87 - r. Let h = 64 - c. What is the tens digit of h?
4
Let z(r) = r**2 - 6*r + 2. Let u be z(3). Let q = u + 344. What is the units digit of q?
7
Suppose -49*t - 11833 = -50*t - 3*j, -5*j = 5. What is the ten thousands digit of t?
1
Let i = 6 - 1. What is the tens digit of i/2 - 455/(-14)?
3
Suppose 0*o + 588 = 3*o. Let q = -106 - -192. Let w = o - q. What is the units digit of w?
0
Suppose 42644 = 11*o - 4*o. Suppose -1542 + o = 10*s. What is the tens digit of s?
5
Suppose 0 = -3*u + 5*p + 13429, 11*p - 12*p = 2*u - 8944. What is the thousands digit of u?
4
Let j(q) = 48*q + 69. Let c be (3 - 1)/2*(0 - -9). What is the hundreds digit of j(c)?
5
Suppose -69*p - 67*p + 1534919 = -978225. What is the thousands digit of p?
8
Let y(q) = 129*q + 15. Let i(k) = 129*k + 15. Let g(u) = 2*i(u) - 3*y(u). Let v(a) = 16*a + 2. Let c(o) = -4*g(o) - 33*v(o). What is the units digit of c(-3)?
0
Let o = 67079 - 19323. What is the units digit of o?
6
Suppose 0 = 5*o - b + 20, 5*o + 2*b = 7*b. What is the hundreds digit of (2/(-4) - 5257/70)*o?
3
Let l(g) = -g**3 + 15*g**2 - 7*g - 10. Let m be l(7). What is the units digit of (-2)/(-18) + m/(-81) + 419?
5
Let z be (-1 + 2 - -2) + -1. What is the hu